 q = i - 155. What is the hundreds digit of q?
1
Let l(v) = 3*v**3 - 2*v**2 - 8*v + 4. Let t(a) = a**2 + 12*a - 10. Let f = 19 + -32. Let b be t(f). What is the units digit of l(b)?
3
Let o be (-108)/(-12)*(74/6 + 1). Suppose -3*n = -9*n + o. What is the units digit of n?
0
Suppose 47 - 8 = 3*f. Suppose -4*o + 2*i + f = -3*i, -5*o - i - 20 = 0. What is the units digit of (-2)/3*o - -3?
5
Let v = 331 - 120. Let z = -149 + v. What is the tens digit of z?
6
Suppose 564 = -0*o - 6*o. Let b = o - -157. What is the tens digit of b?
6
Let i = -178 + 122. Let d = i - -199. What is the units digit of d?
3
Let o(i) be the third derivative of i**5/60 + 7*i**4/24 + i**3/6 - 8*i**2. Let f be o(-7). What is the units digit of f + (-9)/((-36)/184)?
7
Let c = 56 - 42. Let z(v) = 9*v**3 + 2*v**2 - 1. Let j be z(-1). Let g = c + j. What is the units digit of g?
6
Let q = 857 + -220. What is the tens digit of q?
3
Let t = 495 - -90. What is the tens digit of t?
8
What is the hundreds digit of ((-1806)/12 + -1)/((-3)/2)?
1
What is the hundreds digit of (-222256)/(-48) - (-3 + (-50)/(-15))?
6
Suppose -844 = -3*i - 3*c + 2*c, i - 3*c - 298 = 0. What is the tens digit of i?
8
Suppose 2*d - 62 = 4*j - j, -4*j + 9 = d. Let p = d + 11. What is the units digit of p?
6
Suppose -c + 111 = 5*k, 0 = 5*c + k - 244 - 239. Let g = c - 52. Suppose 5*r - 3*f - g = 0, -5*r - 5*f - 3 = -23. What is the units digit of r?
7
Suppose -5*a + 2080 = -8*g + 13*g, -3*g + 1224 = -5*a. What is the hundreds digit of g?
4
Suppose -5*d = -5*w, 5*d = -w - 12 - 18. What is the units digit of (-30)/(-3) - (1 - w - 3)?
7
Suppose -2*t = -4, u + 2 = 3*t - 3. Let c be (10 + -11)/(u/(-43)). Suppose -4*r - 39 = -5*r - 5*s, -s + c = r. What is the tens digit of r?
4
Let p = 554 + 1029. What is the thousands digit of p?
1
What is the units digit of (-5)/(-10)*8*(-7368)/(-32)?
1
Suppose -i + 60 = -2*i. Let x(m) = 15*m + 2. Let l be x(-3). Let z = l - i. What is the tens digit of z?
1
Suppose -16*i = -17*i + 4. Let x(d) = 3*d + 18 - 8 - i*d + 3. What is the units digit of x(-9)?
2
Let g(p) = -82*p - 1. Suppose t - 7 = 4*t + 2*z, -4*t - 4*z = 12. What is the units digit of g(t)?
1
Suppose 26 = 2*d + 4*s, 3*d + s - 5 - 9 = 0. Suppose 0*u + d*u - 6 = 0. Suppose -u*v + 5*g = -7*v + 65, -5*v + g = -71. What is the tens digit of v?
1
Suppose -9 = -5*f + 6. Let n = f + 0. Suppose n*z - 2*z - 28 = 0. What is the units digit of z?
8
What is the units digit of (1892/(-215))/(4/(-1290))?
8
Let m(y) = 2*y**2 + 40*y + 17. What is the hundreds digit of m(7)?
3
Let l = 546 + 797. What is the hundreds digit of l?
3
Let g = -7 + 5. What is the tens digit of (25/g)/(7/(-14))?
2
Suppose -4*r - 2*u = -340, -5*u - 175 = -3*r + 93. Let t = 173 - r. Let c = t + -60. What is the tens digit of c?
2
Suppose 354 = 7*y - 416. What is the units digit of y?
0
Let y(v) = -4*v + 17. Suppose -15 = u - 3*s, -2*u + 3*s - 2 = 22. What is the units digit of y(u)?
3
Let l = 6232 + -1698. What is the units digit of l?
4
Let x(c) = -2*c**2 + 6*c + 0 - 5*c + 4*c - 4 + 5*c**3. What is the tens digit of x(2)?
3
Suppose -12 = 8*k - 52. Suppose 154 - 69 = k*r. What is the units digit of r?
7
Suppose -38*t + 37*t + 28 = 0. Suppose 86 = 3*g - t. What is the units digit of g?
8
Let g = 20 + -20. Suppose 4*t + t - 350 = g. Suppose 2*v - t = -3*v. What is the units digit of v?
4
Suppose 0 = 12*w - 9630 + 102. What is the tens digit of w?
9
Suppose 5*t - 500 + 50 = 0. Let o(z) = -3*z**2 - 15*z - 26. Let l be o(-6). Let f = t + l. What is the tens digit of f?
4
Suppose 0 = -5*q - 1 + 11. Suppose q*s + 0*s = 6. Suppose a = -s*a + 44. What is the tens digit of a?
1
Suppose -118 = -d + 2*j, 612 = 5*d + 5*j - 4*j. What is the hundreds digit of d?
1
Let o(a) be the third derivative of a**5/60 - 3*a**4/4 + 9*a**3/2 + 18*a**2. What is the tens digit of o(22)?
1
Let y(x) = x**3 + 9*x**2 + 3. Let d be y(-9). Suppose -4*q + f + 151 = -4*f, 0 = -3*q - d*f + 93. What is the tens digit of q?
3
Suppose -41 = 2*i - 35. Let j(b) = -b**3 + 3*b**2 - 4*b - 4. What is the units digit of j(i)?
2
Let l(r) be the second derivative of -r**5/20 + 7*r**4/12 + r**3/2 + 2*r**2 + 5*r. What is the units digit of l(6)?
8
Suppose -5*w + 5*p + 6184 = -10281, 5*w - 3*p - 16457 = 0. What is the thousands digit of w?
3
Let f = 10367 - 6076. What is the tens digit of f?
9
Let k be (-5 + -2)*(-6)/14. Let r be 214/k + (-4)/(-6). Suppose -4*t + 0*u + 3*u + 61 = 0, -3*u + r = 3*t. What is the tens digit of t?
1
Suppose -14*j + 18*j - 4718 = 2*h, 3*j - 3538 = 2*h. What is the thousands digit of j?
1
Let o(x) = -x + 8. Let g be o(11). Let t be 1/2*(-12)/g. Let d = t - -28. What is the tens digit of d?
3
Let r(n) = 4*n**2 - n - 1. Let a be r(-1). Suppose -h = a*h + 2*u - 28, -h = -u. Let w = 2 + h. What is the units digit of w?
6
Let p(t) = -t**3 - 12*t**2 - 12*t - 14. Let m be p(-12). Suppose -m = 6*h - 11*h. What is the tens digit of h?
2
Let w = 18 + -9. What is the units digit of 4 + (-2)/(-6) + 1410/w?
1
Let v = 262 + -173. Let h = 21 + v. What is the units digit of h?
0
Suppose -5*k + 2*k = 0. Let m be -4 - 3 - (-2 - 7). Suppose k*x + m*s + 84 = 2*x, -131 = -3*x + 2*s. What is the tens digit of x?
4
Let v(t) = 8*t - 20. Let x be v(7). Let s = x - 33. What is the units digit of s?
3
Let p(f) = 10*f - 21. Let x = -35 + 25. Let i be p(x). Let r = -85 - i. What is the units digit of r?
6
Suppose 3*p + 6 = 18. Let a = p + -1. What is the units digit of 42*(a - 30/14)?
6
Let c(d) = d - 1. Let r be c(-5). Let u(f) = -2*f + 23. What is the tens digit of u(r)?
3
Let a(c) = 6*c + 15. Let i be a(-25). Let t = i - -146. What is the units digit of t?
1
Suppose 0 = -l - p + 2125, 3*p - 5 = 1. What is the tens digit of l?
2
Let v(t) = -12*t - 22. Let j(u) = -4*u - 7. Let i(o) = -14*j(o) + 5*v(o). What is the tens digit of i(-12)?
3
Let q(j) = j**2 + 19*j + 21. Let c(s) = s**2 + 20*s + 21. Let n(a) = -3*c(a) + 2*q(a). What is the hundreds digit of n(-11)?
1
Let b(v) = -99*v**2 + v + 2. Let j be b(-1). Let h = j + 185. What is the tens digit of h?
8
Suppose 2*o + 36 = 5*h, -24 = -2*h - 2*o - 4. Let n = 2 - h. What is the tens digit of (-3)/(n/52) + 1?
2
What is the tens digit of 1418*(-3)/(-16)*8?
2
Suppose 2*q + 3*q = 105. Let x = q + 50. What is the tens digit of x?
7
Let s = -397 - -556. What is the tens digit of s/5 - (44/(-20) + 2)?
3
Let k(a) = 2*a**2 - 43*a + 22. What is the thousands digit of k(-15)?
1
Let b(m) = 12*m**2 + 4*m + 21. Let k(r) = 6*r**2 + 2*r + 10. Let g(n) = -3*b(n) + 7*k(n). What is the units digit of g(3)?
7
What is the hundreds digit of (1 + 1 + 320/10)*40?
3
Let y(i) = -i + 4. Let p be y(0). What is the tens digit of 2*(p + (-108)/(-8))?
3
Let c(b) = -26*b - 121. What is the hundreds digit of c(-13)?
2
Let c be ((-8)/6)/((-6)/9). Suppose -v = 2*s + c*v - 26, 13 = s + 2*v. Suppose -3*m = 2 + s, -4*o = -4*m - 80. What is the tens digit of o?
1
What is the hundreds digit of 12/432*16 + (-17285)/(-9)?
9
Let y(o) = 4 + o + 2*o - 2*o. Let u be y(4). Suppose 4*t - 136 = 5*w, -w - w = -u. What is the units digit of t?
9
What is the tens digit of -4 - -4 - (-8 + -5027)?
3
Let r = 6 + -4. Suppose r*q = q. Suppose 17 = j - o - o, -o = q. What is the units digit of j?
7
Suppose 0 = 25*d - 27*d + 332. What is the tens digit of d?
6
Suppose 19*a - 792 = 3692. What is the tens digit of a?
3
Let r = -2 - -13. Let i = 11 - r. Suppose -3*u = -4*f - 3, i = -f + 5*u - 22. What is the units digit of f?
3
Let k(o) = o**3 - 11*o**2 - 1. Let a be k(11). Let m be 3 - a/((-4)/(-352)). Suppose 3*t + 4*p - 109 = 0, 2*p - m = -2*t + 3*p. What is the tens digit of t?
4
Suppose 3*q + 3 - 9 = 0. Suppose 3*j + 4*c + 6 - 2 = 0, -8 = j + 3*c. Suppose -q*i + j = -4*x, i - 12 = -2*i + 3*x. What is the units digit of i?
6
Let m(r) = -r**2 - 14*r + 25. Let n be m(-21). Let x = n - -196. What is the tens digit of x?
7
Suppose -300 = -15*o + 10*o. Suppose 2*p + o = 3*p. What is the tens digit of p?
6
Let u = -338 + 569. Let m = -132 + u. What is the units digit of m?
9
Suppose 4 - 7 = -a. Let w be a/(-3)*(0 + 12). Let k = w - -18. What is the units digit of k?
6
Let f be (-8)/(-12) + 29/(-3). What is the tens digit of (-235)/(-4 - f)*-1?
4
Let y = 15 - 28. What is the units digit of 8950/130 + (-2)/y?
9
Suppose h = 97*r